{"id":57,"date":"2015-03-11T01:05:46","date_gmt":"2015-03-11T01:05:46","guid":{"rendered":"http:\/\/fira.edu.br\/revista\/?page_id=57"},"modified":"2015-03-11T01:05:46","modified_gmt":"2015-03-11T01:05:46","slug":"vol-2-no-3-2012","status":"publish","type":"page","link":"http:\/\/fira.edu.br\/revista\/vol-2-no-3-2012\/","title":{"rendered":"Vol. 2 n\u00ba 3 2012"},"content":{"rendered":"<div id=\"Layer2\" title=\"\">\n<div id=\"wb_Text3\"><strong><a href=\"http:\/\/fira.edu.br\/revista\/reec_vol2_num3_pag1.pdf\">An\u00e1lise f\u00edsico-qu\u00edmica de cobertura l\u00edquida para sorvete sabor chocolate em diferentes temperaturas de armazenamento<\/a><\/strong><br \/>\n<em>Rodrigo Rodrigues Castro e Ot\u00e1vio Augusto Martins, p.1<\/p>\n<p><\/em><strong><a href=\"http:\/\/fira.edu.br\/revista\/reec_vol2_num3_pag6.pdf\">Determina\u00e7\u00e3o Espectrofotom\u00e9trica do \u00edon Nitrito em lingui\u00e7a tipo Frescal<\/a><br \/>\n<\/strong><em>William Rodrigues1, Ricardo S. Augusto, Renato C. F. Neves e Ot\u00e1vio A. Martins p.6<\/p>\n<p><\/em><strong><a href=\"http:\/\/fira.edu.br\/revista\/reec_vol2_num2_pag12.pdf\">Causas mais comum do desmame precoce: Revis\u00e3o integrativa da literatura<\/a><\/strong><br \/>\n<em>Santos, P.R.M e Neves, R.C.F., p.12<\/p>\n<p><\/em><strong><a href=\"http:\/\/fira.edu.br\/revista\/reec_vol2_num2_pag19.pdf\">Redu\u00e7\u00e3o da espessura da chapa de alum\u00ednio pela utiliza\u00e7\u00e3o de hidroxido de s\u00f3dio &#8211; Uma revis\u00e3o<\/a><br \/>\n<\/strong><em>Victor Peliccia de Oliveira1, Ot\u00e1vio Augusto Martins e Rafael Innocenti Vieira da Silva, p.19<\/p>\n<p><\/em><strong><a href=\"http:\/\/fira.edu.br\/revista\/reec_vol2_num2_pag27.pdf\">Determina\u00e7\u00e3o de cloreto de s\u00f3dio em margarina e manteiga com sal pelo m\u00e9todo de Mohr<\/a><br \/>\n<\/strong><em>Leonardo Jos\u00e9 Amaral e Ot\u00e1vio Augusto Martins, p.27<\/p>\n<p><\/em><strong><a href=\"http:\/\/fira.edu.br\/revista\/reec_vol2_num2_pag32.pdf\">Estudo de fracionamento de mangan\u00eas em spots proteicos de tecido muscular de pintado<\/a><\/strong><em><br \/>\nNeves, R. C. F, Martins, O. A, \u00c1vila, F. C, Castro, R.\u00a0 e Silva, F.A, p.32<\/p>\n<p><\/em><strong><a href=\"http:\/\/fira.edu.br\/revista\/reec_vol2_num3_pag40.pdf\">An\u00e1lise qu\u00edmica da \u00e1gua de nascentes nas cidades de Avar\u00e9 e Cerqueira C\u00e9sar, S\u00e3o Paulo<\/a><\/strong><em><br \/>\nRaissa Prando Machado, Ricardo Sgarbi Augusto e Ot\u00e1vio Augusto Martins, p.40<\/p>\n<p><\/em><strong><a href=\"http:\/\/fira.edu.br\/revista\/reec_vol2_num3_pag45.pdf\">An\u00e1lise qu\u00edmica de diferentes marcas de n\u00e9ctares e suco de laranja comercializada na cidade de Cerquiera C\u00e9sar &#8211; S\u00e3o Paulo<\/a><br \/>\n<\/strong><em>Alessandro Aparecido Ven\u00e2ncio1 e Ot\u00e1vio Augusto Martins, p.45<\/em><\/div>\n<\/div>\n","protected":false},"excerpt":{"rendered":"<p>An\u00e1lise f\u00edsico-qu\u00edmica de cobertura l\u00edquida para sorvete sabor chocolate em diferentes temperaturas de armazenamento Rodrigo Rodrigues Castro e Ot\u00e1vio Augusto Martins, p.1 Determina\u00e7\u00e3o Espectrofotom\u00e9trica do \u00edon Nitrito em lingui\u00e7a tipo Frescal William Rodrigues1, Ricardo S. Augusto, Renato C. F. Neves e Ot\u00e1vio A. Martins p.6 Causas mais comum do desmame precoce: Revis\u00e3o integrativa da literatura &hellip; <a href=\"http:\/\/fira.edu.br\/revista\/vol-2-no-3-2012\/\" class=\"more-link\">Continue lendo <span class=\"screen-reader-text\">Vol. 2 n\u00ba 3 2012<\/span> <span class=\"meta-nav\">&rarr;<\/span><\/a><\/p>\n","protected":false},"author":3,"featured_media":0,"parent":0,"menu_order":0,"comment_status":"closed","ping_status":"closed","template":"","meta":{"footnotes":""},"class_list":["post-57","page","type-page","status-publish","hentry"],"_links":{"self":[{"href":"http:\/\/fira.edu.br\/revista\/wp-json\/wp\/v2\/pages\/57","targetHints":{"allow":["GET"]}}],"collection":[{"href":"http:\/\/fira.edu.br\/revista\/wp-json\/wp\/v2\/pages"}],"about":[{"href":"http:\/\/fira.edu.br\/revista\/wp-json\/wp\/v2\/types\/page"}],"author":[{"embeddable":true,"href":"http:\/\/fira.edu.br\/revista\/wp-json\/wp\/v2\/users\/3"}],"replies":[{"embeddable":true,"href":"http:\/\/fira.edu.br\/revista\/wp-json\/wp\/v2\/comments?post=57"}],"version-history":[{"count":1,"href":"http:\/\/fira.edu.br\/revista\/wp-json\/wp\/v2\/pages\/57\/revisions"}],"predecessor-version":[{"id":58,"href":"http:\/\/fira.edu.br\/revista\/wp-json\/wp\/v2\/pages\/57\/revisions\/58"}],"wp:attachment":[{"href":"http:\/\/fira.edu.br\/revista\/wp-json\/wp\/v2\/media?parent=57"}],"curies":[{"name":"wp","href":"https:\/\/api.w.org\/{rel}","templated":true}]}}