{"id":19,"date":"2015-03-09T01:17:25","date_gmt":"2015-03-09T01:17:25","guid":{"rendered":"http:\/\/fira.edu.br\/revista\/?page_id=19"},"modified":"2020-09-17T19:04:08","modified_gmt":"2020-09-17T19:04:08","slug":"expediente","status":"publish","type":"page","link":"http:\/\/fira.edu.br\/revista\/expediente\/","title":{"rendered":"Expediente"},"content":{"rendered":"<p><strong>Presidente da Funda\u00e7\u00e3o Regional Educacional de Avar\u00e9 &#8211; FREA<\/strong><br \/>\nEdson Gabriel da Silva<\/p>\n<p><strong>Diretor Executivo da Funda\u00e7\u00e3o Regional Educacional de Avar\u00e9 &#8211; FREA<\/strong><br \/>\nLuiz Mourato Neto<\/p>\n<p><strong>Diretora Pedag\u00f3gica das Faculdades Integradas Regionais de Avar\u00e9<\/strong><br \/>\n<a title=\"Curr\u00edculo Lattes\" href=\"http:\/\/lattes.cnpq.br\/3823550859713131\" target=\"_blank\">Profa. Dra. Lucilene Patr\u00edcia Mazzolin<\/a><\/p>\n<p><strong>Editores da Revista Eletr\u00f4nica de Educa\u00e7\u00e3o e Ci\u00eancia &#8211; REEC<\/strong><\/p>\n<p><a href=\"http:\/\/lattes.cnpq.br\/5661345032774728\" target=\"_blank\">Profa. Dra. Karina Basso Santiago<\/a><\/p>\n<p><a title=\"Curr\u00edculo Lattes\" href=\"http:\/\/lattes.cnpq.br\/3823550859713131\" target=\"_blank\">Profa. Dra. Lucilene Patr\u00edcia Mazzolin<\/a><\/p>\n<p><a href=\"http:\/\/lattes.cnpq.br\/0190282794980740\" target=\"_blank\">Prof. MSc. Luiz Carlos Alves Junior<\/a><\/p>\n<p><a href=\"http:\/\/lattes.cnpq.br\/8642877631121734\" target=\"_blank\">Prof. MSc. Marco Ant\u00f4nio Jo\u00e3o Fernandes Junior<\/a><\/p>\n<p><a href=\"http:\/\/lattes.cnpq.br\/0950690160833820\" target=\"_blank\">Prof. MSc. Rafael Henrique Antunes<\/a><br \/>\n<strong><br \/>\nSecretaria<\/strong><br \/>\nRegina Helena Faria Ferrazzini<\/p>\n<p><strong>Desenvolvimento do Site<\/strong><br \/>\nCPD Frea<\/p>\n","protected":false},"excerpt":{"rendered":"<p>Presidente da Funda\u00e7\u00e3o Regional Educacional de Avar\u00e9 &#8211; FREA Edson Gabriel da Silva Diretor Executivo da Funda\u00e7\u00e3o Regional Educacional de Avar\u00e9 &#8211; FREA Luiz Mourato Neto Diretora Pedag\u00f3gica das Faculdades Integradas Regionais de Avar\u00e9 Profa. Dra. Lucilene Patr\u00edcia Mazzolin Editores da Revista Eletr\u00f4nica de Educa\u00e7\u00e3o e Ci\u00eancia &#8211; REEC Profa. Dra. Karina Basso Santiago Profa. &hellip; <a href=\"http:\/\/fira.edu.br\/revista\/expediente\/\" class=\"more-link\">Continue lendo <span class=\"screen-reader-text\">Expediente<\/span> <span class=\"meta-nav\">&rarr;<\/span><\/a><\/p>\n","protected":false},"author":3,"featured_media":0,"parent":0,"menu_order":0,"comment_status":"closed","ping_status":"closed","template":"","meta":{"footnotes":""},"class_list":["post-19","page","type-page","status-publish","hentry"],"_links":{"self":[{"href":"http:\/\/fira.edu.br\/revista\/wp-json\/wp\/v2\/pages\/19","targetHints":{"allow":["GET"]}}],"collection":[{"href":"http:\/\/fira.edu.br\/revista\/wp-json\/wp\/v2\/pages"}],"about":[{"href":"http:\/\/fira.edu.br\/revista\/wp-json\/wp\/v2\/types\/page"}],"author":[{"embeddable":true,"href":"http:\/\/fira.edu.br\/revista\/wp-json\/wp\/v2\/users\/3"}],"replies":[{"embeddable":true,"href":"http:\/\/fira.edu.br\/revista\/wp-json\/wp\/v2\/comments?post=19"}],"version-history":[{"count":9,"href":"http:\/\/fira.edu.br\/revista\/wp-json\/wp\/v2\/pages\/19\/revisions"}],"predecessor-version":[{"id":190,"href":"http:\/\/fira.edu.br\/revista\/wp-json\/wp\/v2\/pages\/19\/revisions\/190"}],"wp:attachment":[{"href":"http:\/\/fira.edu.br\/revista\/wp-json\/wp\/v2\/media?parent=19"}],"curies":[{"name":"wp","href":"https:\/\/api.w.org\/{rel}","templated":true}]}}