{"id":142,"date":"2017-03-23T17:28:56","date_gmt":"2017-03-23T17:28:56","guid":{"rendered":"http:\/\/fira.edu.br\/revista\/?page_id=142"},"modified":"2017-03-24T17:34:21","modified_gmt":"2017-03-24T17:34:21","slug":"vol-7-no1-2017","status":"publish","type":"page","link":"http:\/\/fira.edu.br\/revista\/vol-7-no1-2017\/","title":{"rendered":"Vol. 7 n\u00ba1 2017"},"content":{"rendered":"<p><a title=\"Leia mais\" href=\"http:\/\/fira.edu.br\/revista\/wp-content\/uploads\/2017\/03\/2017_vol7_num1_pag1.pdf\">PARASITOLOGY IN THE ENVIRONMENT OF A PUBLIC SCHOOL IN UBERL\u00c2NDIA CITY \u2013 MINAS GERIAS<\/a><br \/>\nAna Maria de Oliveira Cunha, Fabiana Martins de Paula e Katymilla Guimar\u00e3es Girotto, p. 1<\/p>\n<p><a title=\"Leia mais\" href=\"http:\/\/fira.edu.br\/revista\/wp-content\/uploads\/2017\/03\/2017_vol7_num1_pag10.pdf\">SIMBOLISMO E MENTALIDADE: O CASO DA MONARQUIA INGLESA<\/a><em><br \/>\n<\/em>Larissa Rodrigues da Cunha, p. 10<\/p>\n<p><a title=\"Leia mais\" href=\"http:\/\/fira.edu.br\/revista\/wp-content\/uploads\/2017\/03\/2017_vol7_num1_pag24.pdf\">CARACTERIZA\u00c7\u00c3O GEOMORFOL\u00d3GICA E \u00cdNDICES DE DISSECA\u00c7\u00c3O DO RELEVO NO ENTORNO DA REPRESA JURUMIRIM NO MUNIC\u00cdPIO DE AVAR\u00c9-SP<\/a><br \/>\nMarcelo Garcia Antunes, p. 24<\/p>\n<p><a title=\"Leia mais\" href=\"http:\/\/fira.edu.br\/revista\/wp-content\/uploads\/2017\/03\/2017_vol7_num1_pag37.pdf\">O ENSINO DE MATEM\u00c1TICA ATRAV\u00c9S DA METODOLOGIA DE RESOLU\u00c7\u00c3O DE PROBLEMAS<\/a><br \/>\nFranklin Emanuel Barros Soukeff, p. 37<\/p>\n<p><a title=\"Leia mais\" href=\"http:\/\/fira.edu.br\/revista\/wp-content\/uploads\/2017\/03\/2017_vol7_num1_pag44.pdf\">GEOGEBRA E O TRI\u00c2NGULO DE SIERPINSKI: UMA INTERVEN\u00c7\u00c3O PEDAG\u00d3GICA PARA O ENSINO M\u00c9DIO<\/a><br \/>\nEstela Aparecida Fernandes Soares, Luciane de F\u00e1tima Rodrigues de Souza e Paulo S\u00e9rgio Adami, p. 44<\/p>\n<p><a title=\"Leia mais\" href=\"http:\/\/fira.edu.br\/revista\/wp-content\/uploads\/2017\/03\/2017_vol7_num1_pag62.pdf\">UMA INTRODU\u00c7\u00c3O AO ENSINO DE PROBABILIDADE ATRAV\u00c9S DO JOGO MEGA-DUQUE<\/a><br \/>\nFranklin Emanuel Barros Soukeff e Jos\u00e9 Marcos Lopes, p.62<\/p>\n","protected":false},"excerpt":{"rendered":"<p>PARASITOLOGY IN THE ENVIRONMENT OF A PUBLIC SCHOOL IN UBERL\u00c2NDIA CITY \u2013 MINAS GERIAS Ana Maria de Oliveira Cunha, Fabiana Martins de Paula e Katymilla Guimar\u00e3es Girotto, p. 1 SIMBOLISMO E MENTALIDADE: O CASO DA MONARQUIA INGLESA Larissa Rodrigues da Cunha, p. 10 CARACTERIZA\u00c7\u00c3O GEOMORFOL\u00d3GICA E \u00cdNDICES DE DISSECA\u00c7\u00c3O DO RELEVO NO ENTORNO DA REPRESA &hellip; <a href=\"http:\/\/fira.edu.br\/revista\/vol-7-no1-2017\/\" class=\"more-link\">Continue lendo <span class=\"screen-reader-text\">Vol. 7 n\u00ba1 2017<\/span> <span class=\"meta-nav\">&rarr;<\/span><\/a><\/p>\n","protected":false},"author":3,"featured_media":0,"parent":0,"menu_order":0,"comment_status":"open","ping_status":"open","template":"","meta":{"footnotes":""},"class_list":["post-142","page","type-page","status-publish","hentry"],"_links":{"self":[{"href":"http:\/\/fira.edu.br\/revista\/wp-json\/wp\/v2\/pages\/142","targetHints":{"allow":["GET"]}}],"collection":[{"href":"http:\/\/fira.edu.br\/revista\/wp-json\/wp\/v2\/pages"}],"about":[{"href":"http:\/\/fira.edu.br\/revista\/wp-json\/wp\/v2\/types\/page"}],"author":[{"embeddable":true,"href":"http:\/\/fira.edu.br\/revista\/wp-json\/wp\/v2\/users\/3"}],"replies":[{"embeddable":true,"href":"http:\/\/fira.edu.br\/revista\/wp-json\/wp\/v2\/comments?post=142"}],"version-history":[{"count":5,"href":"http:\/\/fira.edu.br\/revista\/wp-json\/wp\/v2\/pages\/142\/revisions"}],"predecessor-version":[{"id":157,"href":"http:\/\/fira.edu.br\/revista\/wp-json\/wp\/v2\/pages\/142\/revisions\/157"}],"wp:attachment":[{"href":"http:\/\/fira.edu.br\/revista\/wp-json\/wp\/v2\/media?parent=142"}],"curies":[{"name":"wp","href":"https:\/\/api.w.org\/{rel}","templated":true}]}}